67
List the prime factors of 262.
2, 131
List the prime factors of 7452.
2, 3, 23
List the prime factors of 1079.
13, 83
What are the prime factors of 52782?
2, 3, 19, 463
What are the prime factors of 4196?
2, 1049
What are the prime factors of 1501?
19, 79
What are the prime factors of 1190?
2, 5, 7, 17
What are the prime factors of 691?
691
What are the prime factors of 904?
2, 113
List the prime factors of 286.
2, 11, 13
List the prime factors of 4568.
2, 571
What are the prime factors of 11612?
2, 2903
List the prime factors of 4913.
17
List the prime factors of 28539.
3, 7, 151
List the prime factors of 22291.
22291
List the prime factors of 3011.
3011
What are the prime factors of 29071?
7, 4153
List the prime factors of 127025.
5, 5081
List the prime factors of 9010.
2, 5, 17, 53
List the prime factors of 1281.
3, 7, 61
List the prime factors of 8136.
2, 3, 113
List the prime factors of 208.
2, 13
What are the prime factors of 80403?
3, 26801
List the prime factors of 987.
3, 7, 47
What are the prime factors of 102970?
2, 5, 7, 1471
List the prime factors of 10873.
83, 131
List the prime factors of 5079.
3, 1693
List the prime factors of 9298.
2, 4649
List the prime factors of 1984.
2, 31
List the prime factors of 1651.
13, 127
What are the prime factors of 1707?
3, 569
List the prime factors of 977.
977
What are the prime factors of 21404?
2, 5351
List the prime factors of 61852.
2, 7, 47
List the prime factors of 2160.
2, 3, 5
What are the prime factors of 10658?
2, 73
What are the prime factors of 20588?
2, 5147
List the prime factors of 58616.
2, 17, 431
What are the prime factors of 8246?
2, 7, 19, 31
List the prime factors of 12958.
2, 11, 19, 31
What are the prime factors of 973?
7, 139
What are the prime factors of 1988?
2, 7, 71
List the prime factors of 2336.
2, 73
List the prime factors of 1523.
1523
What are the prime factors of 929?
929
What are the prime factors of 170882?
2, 43, 1987
List the prime factors of 6633.
3, 11, 67
List the prime factors of 5170.
2, 5, 11, 47
What are the prime factors of 40129?
40129
What are the prime factors of 131279?
43, 71
List the prime factors of 46783.
11, 4253
What are the prime factors of 4850?
2, 5, 97
What are the prime factors of 1374?
2, 3, 229
What are the prime factors of 1491?
3, 7, 71
What are the prime factors of 198?
2, 3, 11
What are the prime factors of 307?
307
List the prime factors of 5453.
7, 19, 41
What are the prime factors of 62928?
2, 3, 19, 23
List the prime factors of 4037.
11, 367
What are the prime factors of 2354?
2, 11, 107
What are the prime factors of 3802?
2, 1901
List the prime factors of 1306.
2, 653
What are the prime factors of 1629?
3, 181
List the prime factors of 14564.
2, 11, 331
What are the prime factors of 4917?
3, 11, 149
List the prime factors of 610.
2, 5, 61
List the prime factors of 91582.
2, 29, 1579
List the prime factors of 1961.
37, 53
What are the prime factors of 640?
2, 5
List the prime factors of 15580.
2, 5, 19, 41
What are the prime factors of 3546?
2, 3, 197
What are the prime factors of 1924?
2, 13, 37
What are the prime factors of 21934?
2, 11, 997
List the prime factors of 1581.
3, 17, 31
What are the prime factors of 4645?
5, 929
What are the prime factors of 54127?
113, 479
What are the prime factors of 21462?
2, 3, 7, 73
What are the prime factors of 7205?
5, 11, 131
What are the prime factors of 51132?
2, 3, 4261
What are the prime factors of 39761?
39761
List the prime factors of 53909.
31, 37, 47
List the prime factors of 2797.
2797
List the prime factors of 6214.
2, 13, 239
What are the prime factors of 44574?
2, 3, 17, 19, 23
List the prime factors of 229.
229
What are the prime factors of 236?
2, 59
List the prime factors of 618.
2, 3, 103
What are the prime factors of 121?
11
What are the prime factors of 519?
3, 173
What are the prime factors of 2121?
3, 7, 101
List the prime factors of 694.
2, 347
What are the prime factors of 526?
2, 263
What are the prime factors of 3111?
3, 17, 61
What are the prime factors of 274?
2, 137
What are the prime factors of 1531?
1531
What are the prime factors of 20506?
2, 10253
What are the prime factors of 16752?
2, 3, 349
List the prime factors of 58978.
2, 37, 797
List the prime factors of 4161.
3, 19, 73
List the prime factors of 2583.
3, 7, 41
List the prime factors of 155156.
2, 79, 491
List the prime factors of 48553.
23, 2111
List the prime factors of 1609.
1609
What are the prime factors of 141197?
7, 23, 877
List the prime factors of 4551.
3, 37, 41
What are the prime factors of 21236?
2, 5309
What are the prime factors of 5778?
2, 3, 107
What are the prime factors of 120549?
3, 11, 13, 281
List the prime factors of 5419.
5419
List the prime factors of 324.
2, 3
List the prime factors of 61092.
2, 3, 1697
List the prime factors of 1723.
1723
List the prime factors of 30303.
3, 7, 13, 37
What are the prime factors of 3123?
3, 347
List the prime factors of 8277.
3, 31, 89
List the prime factors of 3121.
3121
List the prime factors of 143959.
359, 401
List the prime factors of 56587.
71, 797
List the prime factors of 2035.
5, 11, 37
List the prime factors of 1040.
2, 5, 13
List the prime factors of 506.
2, 11, 23
List the prime factors of 54799.
54799
List the prime factors of 2545.
5, 509
What are the prime factors of 2484?
2, 3, 23
What are the prime factors of 17475?
3, 5, 233
What are the prime factors of 149?
149
List the prime factors of 3674.
2, 11, 167
What are the prime factors of 10855?
5, 13, 167
List the prime factors of 2083.
2083
What are the prime factors of 115816?
2, 31, 467
What are the prime factors of 1239?
3, 7, 59
What are the prime factors of 831?
3, 277
List the prime factors of 5378.
2, 2689
List the prime factors of 11345.
5, 2269
List the prime factors of 4085.
5, 19, 43
List the prime factors of 1265.
5, 11, 23
What are the prime factors of 19327?
7, 11, 251
List the prime factors of 23813.
23813
List the prime factors of 1475.
5, 59
List the prime factors of 75104.
2, 2347
List the prime factors of 38165.
5, 17, 449
List the prime factors of 80284.
2, 20071
What are the prime factors of 2458?
2, 1229
What are the prime factors of 7991?
61, 131
List the prime factors of 2730.
2, 3, 5, 7, 13
List the prime factors of 1596.
2, 3, 7, 19
What are the prime factors of 10741?
23, 467
List the prime factors of 2247.
3, 7, 107
What are the prime factors of 17487?
3, 29, 67
List the prime factors of 1274.
2, 7, 13
What are the prime factors of 16998?
2, 3, 2833
List the prime factors of 992.
2, 31
What are the prime factors of 969?
3, 17, 19
What are the prime factors of 3686?
2, 19, 97
What are the prime factors of 1470?
2, 3, 5, 7
List the prime factors of 955.
5, 191
What are the prime factors of 669?
3, 223
What are the prime factors of 3060?
2, 3, 5, 17
What are the prime factors of 41852?
2, 10463
List the prime factors of 23399.
23399
What are the prime factors of 614?
2, 307
List the prime factors of 35678.
2, 17839
List the prime factors of 72733.
72733
What are the prime factors of 4950?
2, 3, 5, 11
List the prime factors of 9518.
2, 4759
What are the prime factors of 468?
2, 3, 13
List the prime factors of 1180.
2, 5, 59
List the prime factors of 24713.
13, 1901
List the prime factors of 9308.
2, 13, 179
What are the prime factors of 1928?
2, 241
List the prime factors of 40804.
2, 101
List the prime factors of 9849.
3, 7, 67
List the prime factors of 672.
2, 3, 7
List the prime factors of 6845.
5, 37
What are the prime factors of 24960?
2, 3, 5, 13
List the prime factors of 4016.
2, 251
List the prime factors of 1206.
2, 3, 67
What are the prime factors of 5880?
2, 3, 5, 7
List the prime factors of 6193.
11, 563
What are the prime factors of 14291?
31, 461
List the prime factors of 33875.
5, 271
List the prime factors of 716.
2, 179
List the prime factors of 5311.
47, 113
What are the prime factors of 1567?
1567
What are the prime factors of 1776?
2, 3, 37
List the prime factors of 846.
2, 3, 47
What are the prime factors of 7094?
2, 3547
What are the prime factors of 2017?
2017
What are the prime factors of 9676?
2, 41, 59
List the prime factors of 68411.
7, 29, 337
What are the prime factors of 5831?
7, 17
List the prime factors of 11048